{"id":542,"date":"2025-06-27T12:38:16","date_gmt":"2025-06-27T12:38:16","guid":{"rendered":"https:\/\/britishentertainment.de\/?page_id=542"},"modified":"2026-04-08T07:42:17","modified_gmt":"2026-04-08T07:42:17","slug":"offene-akustische-buehne","status":"publish","type":"page","link":"https:\/\/britishentertainment.de\/?page_id=542","title":{"rendered":"Offene B\u00fchnen"},"content":{"rendered":"\n<p><\/p>\n\n\n\n<figure class=\"wp-block-image size-full\"><img loading=\"lazy\" decoding=\"async\" width=\"960\" height=\"720\" src=\"https:\/\/britishentertainment.de\/wp-content\/uploads\/2026\/04\/Offene-Kultur-Buehne-Termine-2026.jpg\" alt=\"\" class=\"wp-image-558\" srcset=\"https:\/\/britishentertainment.de\/wp-content\/uploads\/2026\/04\/Offene-Kultur-Buehne-Termine-2026.jpg 960w, https:\/\/britishentertainment.de\/wp-content\/uploads\/2026\/04\/Offene-Kultur-Buehne-Termine-2026-300x225.jpg 300w, https:\/\/britishentertainment.de\/wp-content\/uploads\/2026\/04\/Offene-Kultur-Buehne-Termine-2026-768x576.jpg 768w\" sizes=\"auto, (max-width: 767px) 89vw, (max-width: 1000px) 54vw, (max-width: 1071px) 543px, 580px\" \/><\/figure>\n\n\n\n<figure class=\"wp-block-image size-full\"><img loading=\"lazy\" decoding=\"async\" width=\"960\" height=\"720\" src=\"https:\/\/britishentertainment.de\/wp-content\/uploads\/2026\/04\/Poster-2026-ab-Maerz.jpg\" alt=\"\" class=\"wp-image-556\" srcset=\"https:\/\/britishentertainment.de\/wp-content\/uploads\/2026\/04\/Poster-2026-ab-Maerz.jpg 960w, https:\/\/britishentertainment.de\/wp-content\/uploads\/2026\/04\/Poster-2026-ab-Maerz-300x225.jpg 300w, https:\/\/britishentertainment.de\/wp-content\/uploads\/2026\/04\/Poster-2026-ab-Maerz-768x576.jpg 768w\" sizes=\"auto, (max-width: 767px) 89vw, (max-width: 1000px) 54vw, (max-width: 1071px) 543px, 580px\" \/><\/figure>\n\n\n\n<p class=\"has-text-align-center\"><strong>Cafe Lohengrin, Sedanstr. 35, 30161 Hannover     www.cafelohengrin.de 0511 332835<\/strong><\/p>\n\n\n\n<div class=\"wp-block-columns is-layout-flex wp-container-core-columns-is-layout-9d6595d7 wp-block-columns-is-layout-flex\">\n<div class=\"wp-block-column is-layout-flow wp-block-column-is-layout-flow\">\n<h1 class=\"wp-block-heading\"><strong>Zuh\u00f6rer<\/strong><\/h1>\n<\/div>\n\n\n\n<div class=\"wp-block-column is-layout-flow wp-block-column-is-layout-flow\">\n<h1 class=\"wp-block-heading\"><strong>Musiker  &amp; K\u00fcnstler<\/strong><\/h1>\n<\/div>\n<\/div>\n\n\n\n<div class=\"wp-block-columns is-layout-flex wp-container-core-columns-is-layout-9d6595d7 wp-block-columns-is-layout-flex\">\n<div class=\"wp-block-column is-layout-flow wp-block-column-is-layout-flow\">\n<p>Anmeldung nicht n\u00f6tig.<\/p>\n\n\n\n<p>Meistens sind wir gut gef\u00fcllt.<\/p>\n<\/div>\n\n\n\n<div class=\"wp-block-column is-layout-flow wp-block-column-is-layout-flow\">\n<p>F\u00fcr einen bis zu 15 Minuten Auftritt melde dich bei Andy unter Buehne@BRITISHentertainment.de<\/p>\n\n\n\n<p>Erw\u00e4hne u.a. Inhalt, gesch\u00e4tze Dauer bitte<\/p>\n<\/div>\n<\/div>\n","protected":false},"excerpt":{"rendered":"<p>Cafe Lohengrin, Sedanstr. 35, 30161 Hannover www.cafelohengrin.de 0511 332835 Zuh\u00f6rer Musiker &amp; K\u00fcnstler Anmeldung nicht n\u00f6tig. Meistens sind wir gut gef\u00fcllt. F\u00fcr einen bis zu 15 Minuten Auftritt melde dich bei Andy unter Buehne@BRITISHentertainment.de Erw\u00e4hne u.a. Inhalt, gesch\u00e4tze Dauer bitte<\/p>\n","protected":false},"author":1,"featured_media":0,"parent":0,"menu_order":0,"comment_status":"closed","ping_status":"closed","template":"","meta":{"footnotes":""},"class_list":["post-542","page","type-page","status-publish","hentry"],"_links":{"self":[{"href":"https:\/\/britishentertainment.de\/index.php?rest_route=\/wp\/v2\/pages\/542","targetHints":{"allow":["GET"]}}],"collection":[{"href":"https:\/\/britishentertainment.de\/index.php?rest_route=\/wp\/v2\/pages"}],"about":[{"href":"https:\/\/britishentertainment.de\/index.php?rest_route=\/wp\/v2\/types\/page"}],"author":[{"embeddable":true,"href":"https:\/\/britishentertainment.de\/index.php?rest_route=\/wp\/v2\/users\/1"}],"replies":[{"embeddable":true,"href":"https:\/\/britishentertainment.de\/index.php?rest_route=%2Fwp%2Fv2%2Fcomments&post=542"}],"version-history":[{"count":8,"href":"https:\/\/britishentertainment.de\/index.php?rest_route=\/wp\/v2\/pages\/542\/revisions"}],"predecessor-version":[{"id":563,"href":"https:\/\/britishentertainment.de\/index.php?rest_route=\/wp\/v2\/pages\/542\/revisions\/563"}],"wp:attachment":[{"href":"https:\/\/britishentertainment.de\/index.php?rest_route=%2Fwp%2Fv2%2Fmedia&parent=542"}],"curies":[{"name":"wp","href":"https:\/\/api.w.org\/{rel}","templated":true}]}}