{"id":56,"date":"2019-04-18T09:06:08","date_gmt":"2019-04-18T09:06:08","guid":{"rendered":"http:\/\/britishentertainment.de\/?page_id=56"},"modified":"2019-06-03T19:35:46","modified_gmt":"2019-06-03T19:35:46","slug":"impressum","status":"publish","type":"page","link":"https:\/\/britishentertainment.de\/?page_id=56","title":{"rendered":"Impressum"},"content":{"rendered":"\n<p>Verantwortlich f\u00fcr den Inhalt: Andy Reed &#8211; freiberufler<\/p>\n\n\n\n<p>Andy@BRITISHentertainment.de <\/p>\n\n\n\n<p>+49 (0)511 234 86 96<\/p>\n\n\n\n<p><strong>www.BRITISHentertainment.de<\/strong><\/p>\n\n\n\n<p>Horner Str. 16, 30853 Langenhagen, Germany<\/p>\n\n\n\n<p>Fotos: Vielen Dank an Peter Borgreve, Jeff Barber, Helga Steinkamp, Tommy Kraus f\u00fcr ihr Mitwirken.<\/p>\n\n\n\n<h2 class=\"wp-block-heading\">Datenschutzerkl\u00e4rung<\/h2>\n\n\n\n<p>Mit diesem Website sammele ich keinerlei Informationen. M\u00f6glich ist es, dass der Provider &#8222;strato.de&#8220; und bzw. oder &#8222;You Tube&#8220; dies tut. Ich werde aber keinen Zugang zu dieser Daten schaffen (Ich wei\u00df nicht, wie es geht, und ich will es nicht wissen.) . Falls ich trotzdem zuf\u00e4llig an Daten komme, w\u00fcrde ich sie nie speichern und blo\u00df nicht verwenden und die auf keinen Fall an Dritte weiterleiten.<br><\/p>\n\n\n\n<p>Falls jemand mir ein e-mail schreibt oder mich anruft, w\u00fcrde ich diese Kontaktinformationen nat\u00fcrlich ausschlie\u00dflich f\u00fcr unsere Kommunikation verwenden, sonst nicht.<\/p>\n","protected":false},"excerpt":{"rendered":"<p>Verantwortlich f\u00fcr den Inhalt: Andy Reed &#8211; freiberufler Andy@BRITISHentertainment.de +49 (0)511 234 86 96 www.BRITISHentertainment.de Horner Str. 16, 30853 Langenhagen, Germany Fotos: Vielen Dank an Peter Borgreve, Jeff Barber, Helga Steinkamp, Tommy Kraus f\u00fcr ihr Mitwirken. Datenschutzerkl\u00e4rung Mit diesem Website sammele ich keinerlei Informationen. M\u00f6glich ist es, dass der Provider &#8222;strato.de&#8220; und bzw. oder &#8222;You &hellip; <\/p>\n<p class=\"link-more\"><a href=\"https:\/\/britishentertainment.de\/?page_id=56\" class=\"more-link\"><span class=\"screen-reader-text\">\u201eImpressum\u201c<\/span> weiterlesen<\/a><\/p>\n","protected":false},"author":1,"featured_media":0,"parent":0,"menu_order":0,"comment_status":"closed","ping_status":"closed","template":"","meta":{"footnotes":""},"class_list":["post-56","page","type-page","status-publish","hentry"],"_links":{"self":[{"href":"https:\/\/britishentertainment.de\/index.php?rest_route=\/wp\/v2\/pages\/56","targetHints":{"allow":["GET"]}}],"collection":[{"href":"https:\/\/britishentertainment.de\/index.php?rest_route=\/wp\/v2\/pages"}],"about":[{"href":"https:\/\/britishentertainment.de\/index.php?rest_route=\/wp\/v2\/types\/page"}],"author":[{"embeddable":true,"href":"https:\/\/britishentertainment.de\/index.php?rest_route=\/wp\/v2\/users\/1"}],"replies":[{"embeddable":true,"href":"https:\/\/britishentertainment.de\/index.php?rest_route=%2Fwp%2Fv2%2Fcomments&post=56"}],"version-history":[{"count":11,"href":"https:\/\/britishentertainment.de\/index.php?rest_route=\/wp\/v2\/pages\/56\/revisions"}],"predecessor-version":[{"id":199,"href":"https:\/\/britishentertainment.de\/index.php?rest_route=\/wp\/v2\/pages\/56\/revisions\/199"}],"wp:attachment":[{"href":"https:\/\/britishentertainment.de\/index.php?rest_route=%2Fwp%2Fv2%2Fmedia&parent=56"}],"curies":[{"name":"wp","href":"https:\/\/api.w.org\/{rel}","templated":true}]}}